 is the highest common divisor of u and 14?
14
Let h = -40 - -104. Let q be -2 + (h - -2*1). Let i = 1 - -7. What is the highest common divisor of i and q?
8
Let a(u) = -5*u**2 - u + 1. Let v be a(9). Let y be (-1)/(-5) + v/(-35). What is the greatest common divisor of 108 and y?
12
Let b = 71 + -55. What is the greatest common divisor of 80 and b?
16
Let o be (13/10 + (-8)/10)*24. Calculate the greatest common divisor of 18 and o.
6
Let l(f) = 31*f - 2. Let q = 0 + 2. Let t be l(q). Let p = 1 + 14. Calculate the greatest common factor of t and p.
15
Suppose -2*l - a + 23 = 0, a = 4*a - 9. What is the highest common divisor of 110 and l?
10
Let n = 14 - -6. Calculate the highest common factor of 30 and n.
10
Let x(j) = j**2 - j - 5. Let n be x(4). Suppose 2*g = n*g - 240. What is the highest common divisor of g and 16?
16
Let z(o) = 24*o - 14. Let g(h) = -8*h + 5. Let b(d) = -17*g(d) - 6*z(d). Let a be b(-1). Calculate the highest common divisor of a and 77.
7
Let a(y) = -11*y - 12. Let j be a(-5). Suppose 0 = 4*g - 17 - j. Calculate the highest common factor of 15 and g.
15
Let j be -9 + 6 - -2*3. Suppose -3*l - 26 = -2*n + 2*l, j*l - 2 = -n. Let k be (-114)/(-10) + n/(-20). Calculate the greatest common divisor of k and 77.
11
Let z = 0 + 4. What is the highest common divisor of 16 and z?
4
Suppose 0 = -7*g + 2*g. Let f(m) = -m**2 - m + 76. Let v be f(g). What is the highest common factor of 19 and v?
19
Let t be (-4)/(-3)*3/2. Suppose -36 = t*o - 84. What is the highest common divisor of o and 3?
3
Suppose -3*v = v - 240. What is the greatest common divisor of 150 and v?
30
Suppose 4*a - 8 = 3*i - 7*i, -10 = i + 4*a. Calculate the highest common factor of i and 2.
2
Let u(p) = p - 4. Let x be u(5). Let v(w) = 31*w + 1. Let s be v(x). Let q = 8 + -4. Calculate the greatest common divisor of q and s.
4
Suppose j + 3 = -2*v + 46, 5*j = -25. Calculate the highest common factor of 72 and v.
24
Let u be (-6)/10 + 12/(-30). Let z = u + 5. Suppose 0 - z = -2*b. What is the greatest common factor of b and 2?
2
Let y be 4/8*(-46)/(-1). Suppose 3*k + 28 + y = 0. Let p = -8 - k. Calculate the greatest common divisor of p and 9.
9
Let d(l) = l**3 + 12*l**2 - l - 7. Let u be d(-12). Calculate the highest common factor of u and 35.
5
Let j(q) = -12*q + 1. Let d be j(2). Let l = d + 32. What is the highest common factor of 27 and l?
9
Suppose -6*t + 9*t = 156. What is the highest common factor of t and 13?
13
Let s be (-660)/(-16) + 6/8. What is the highest common factor of s and 28?
14
Suppose -4*x + 18 = -3*g, 6 = x + g - 2. Let d be ((-4)/x)/(2/(-30)). What is the greatest common divisor of d and 90?
10
Let z = -153 + 335. What is the greatest common divisor of z and 26?
26
Let m = 46 + -36. Let c be (-3 - -13)/(1/4). What is the greatest common factor of c and m?
10
Suppose -2*q - 136 = -2*f, -2*q - q = 3*f - 174. Let p be -2*((-250)/4 + 1). Let i = p - f. Calculate the greatest common divisor of i and 15.
15
Suppose -3*u + u - 2 = -3*r, -2*r + 6 = u. Suppose -u*o + 66 = o. What is the greatest common divisor of 33 and o?
11
Let o be (-388)/(-20) + (-4)/10. Let l be 2 - 2 - (2 - o). Let p = -55 - -174. Calculate the highest common divisor of l and p.
17
Let t(z) = 2*z**2 - 5*z - 11. Let f be t(5). What is the highest common divisor of f and 14?
14
Suppose -5*q = -5*t + 1 - 6, -5*q - 16 = 2*t. Let d be t/(-1)*(-32)/(-6). Suppose -4*v + d = -3*v. Calculate the highest common divisor of 128 and v.
16
Let s(g) = g**2 - 4. Let q be s(4). Let n = 322 - 214. Calculate the greatest common factor of q and n.
12
Suppose 4*q - 86 = -2*g, -3*g + 6*q - 2*q = -129. Calculate the greatest common factor of 473 and g.
43
Let s be (2 + -4)*30/(-2). Calculate the highest common divisor of s and 5.
5
Suppose 5*h = -56 - 69. Let u = -15 - h. What is the greatest common divisor of 30 and u?
10
Suppose 17 = -3*j + 2. Let q(x) = 2*x**2 + 6*x - 6. Let o be q(j). Calculate the highest common factor of 14 and o.
14
Let z(j) be the third derivative of j**6/120 - 7*j**5/60 - 7*j**4/24 + 4*j**3/3 + 6*j**2. Let d be z(8). Calculate the greatest common factor of 8 and d.
8
Let u be 12/(-16) - 1326/(-8). Calculate the highest common factor of 15 and u.
15
Let x(i) be the third derivative of -5*i**4/8 + i**3/2 - 4*i**2. Let r be x(-2). Suppose 3 = -4*k + 5*k. What is the highest common factor of r and k?
3
Suppose -80 = -5*i - 3*g, -6*i - 3*g = -2*i - 61. Suppose -5*x - 4 = -i, -4*w + 57 = 3*x. What is the highest common divisor of w and 8?
4
Let k be (-5)/((-5)/(-3)) - -3. Suppose 67 = 4*j + 3*g, -j + k*g + 5*g - 12 = 0. What is the highest common factor of j and 26?
13
Let t = -369 + 574. Suppose -4*r + t = 3*m - 6, 3*m = 3. Let n be (0 + 0)/1 - -13. Calculate the greatest common divisor of n and r.
13
Suppose -7 = h - 16. Let m be 21/(-1)*(-1)/(-1). Let k = 15 - m. Calculate the highest common divisor of k and h.
9
Let g be 24/10 - (-4)/(-10). Suppose 6 = g*p + 2. Suppose -3*k + p*q + 2*q + 53 = 0, -2*q = -5*k + 79. Calculate the highest common divisor of 3 and k.
3
Suppose w = g + 103, 0 = 2*w - w + 3*g - 91. Calculate the greatest common divisor of 75 and w.
25
Let x = 4 + -8. Let c(r) = r**2 + 4*r + 2. Let a be c(x). Suppose -2*b - a*b + 132 = 0. What is the highest common divisor of 22 and b?
11
Let v be ((-9)/6)/((-2)/(-4)). Let n be v/((-18)/266)*3. What is the greatest common factor of 19 and n?
19
Let n(j) = j + 31. Let c be n(-7). Calculate the highest common divisor of 72 and c.
24
Let p = -361 + 521. What is the highest common divisor of 64 and p?
32
Let t be (25/(-50))/(1/(-242)). What is the greatest common divisor of t and 11?
11
Suppose 2 = 3*m - 4*m. Let o be (1*8)/((-2)/m). Suppose 4*n - 3*n - 12 = 4*r, -5*n - 3*r = -60. Calculate the greatest common divisor of n and o.
4
Suppose -4 = -2*n + 2. Let w(b) = -2*b**2 - 3*b**n - 5 - 2*b**2 - b**2 + 2*b + 3*b. Let h be w(-5). What is the highest common factor of h and 20?
20
Let q(i) = 2*i - 9. Let d be q(6). Suppose -l + 51 = l - 3*r, 0 = -2*l - d*r + 69. Let t = l + 6. Calculate the highest common factor of 12 and t.
12
Let g(f) = -f**3 + f**2 + 3*f - 1. Let t be g(2). Let x = 5 + t. Let q be (-2 - -4) + 1*7. What is the greatest common factor of x and q?
3
Let f(l) = 3*l**2 + l. Let g be f(-3). Calculate the highest common divisor of g and 8.
8
Let s = 5 - -4. Let p(x) = 4 - s*x + 3 - 2. Let a be p(-5). What is the greatest common factor of 20 and a?
10
Let b = 1 + 2. Let q = b + -2. Let k(z) = 13*z**3 - 2*z**2 + z. Let m be k(q). Calculate the greatest common divisor of 108 and m.
12
Let f = 135 + -90. What is the greatest common factor of f and 30?
15
Let w(v) = -v**2 - 13*v - 4. Let n be w(-11). What is the highest common divisor of n and 45?
9
Let d be -4 - (-88 + -2)/3. Calculate the highest common divisor of d and 78.
26
Let q = -282 - -436. What is the greatest common divisor of 22 and q?
22
Suppose 4*r = 53 + 35. Let q(i) be the third derivative of -17*i**6/60 - i**5/60 - i**2. Let g be q(-1). Calculate the greatest common divisor of g and r.
11
Let m = -7 + 20. Let n be ((-13)/(-1))/(-3 - -4). Calculate the highest common divisor of m and n.
13
Let l be 205/15 - (-4)/(-6). Let j = 67 - l. Calculate the highest common divisor of 6 and j.
6
Suppose 4*x + r = -8 + 64, -2*r = -2*x + 28. Calculate the highest common factor of x and 28.
14
Suppose 0 = 5*v - 4*v - 58. Suppose 0 = 5*m - 3*l - 80, 0 = -5*m - 3*l + 22 + v. What is the highest common divisor of m and 2?
2
Let c be (-3)/(-2)*(-40)/(-6). Let v = 1 + c. What is the greatest common divisor of 77 and v?
11
Suppose -3*r + 212 = -316. Calculate the highest common factor of 22 and r.
22
Suppose -2*a - 178 = -w, 3*w = -a - 3*a + 524. What is the highest common factor of 16 and w?
16
Let a = 31 - 56. Let u be -3 - a - (0 - -2). What is the greatest common factor of u and 160?
20
Suppose 6*i - 5*i = 5. Let o = i + 1. What is the greatest common factor of o and 2?
2
Let n = -79 - 4. Let t(f) = -f**2 + 7*f + 30. Let i be t(13). Let c = i - n. Calculate the greatest common factor of c and 5.
5
Suppose -3*y = -7*y + 484. What is the highest common divisor of y and 11?
11
Suppose 3*h = -i + 294 + 35, -2*h = 3*i - 231. Calculate the highest common factor of h and 12